 of 131117132?
1
What is the ten millions digit of 1160528507?
6
What is the hundreds digit of 50341767?
7
What is the units digit of 747468124?
4
What is the tens digit of 533916007?
0
What is the units digit of 45801643?
3
What is the hundred thousands digit of 2367946?
3
What is the thousands digit of 464437259?
7
What is the ten thousands digit of 1985333950?
3
What is the hundred thousands digit of 2279937129?
9
What is the ten thousands digit of 895710426?
1
What is the units digit of 818450750?
0
What is the millions digit of 3777980948?
7
What is the ten millions digit of 162901825?
6
What is the hundred millions digit of 572631808?
5
What is the hundreds digit of 953777740?
7
What is the hundred thousands digit of 241474434?
4
What is the units digit of 26634714?
4
What is the millions digit of 14244281?
4
What is the millions digit of 5119436221?
9
What is the hundreds digit of 759559304?
3
What is the ten thousands digit of 37353624?
5
What is the hundreds digit of 201079651?
6
What is the ten thousands digit of 1035622880?
2
What is the tens digit of 73781035?
3
What is the hundreds digit of 112445281?
2
What is the hundred thousands digit of 18634055?
6
What is the thousands digit of 247862444?
2
What is the hundred millions digit of 650775424?
6
What is the hundreds digit of 2316129328?
3
What is the hundreds digit of 4483645265?
2
What is the hundreds digit of 38302403?
4
What is the tens digit of 2623689623?
2
What is the thousands digit of 714520274?
0
What is the millions digit of 58822046?
8
What is the tens digit of 265722?
2
What is the thousands digit of 87246885?
6
What is the ten thousands digit of 15733483?
3
What is the units digit of 1049886235?
5
What is the millions digit of 6203306?
6
What is the hundreds digit of 3535367601?
6
What is the hundreds digit of 15030704?
7
What is the ten millions digit of 1329156449?
2
What is the tens digit of 127848772?
7
What is the ten millions digit of 9584912263?
8
What is the hundreds digit of 153621428?
4
What is the tens digit of 216757920?
2
What is the hundreds digit of 596494266?
2
What is the hundred thousands digit of 30628614?
6
What is the tens digit of 119325652?
5
What is the tens digit of 3857972937?
3
What is the ten millions digit of 14970618?
1
What is the hundred thousands digit of 165733247?
7
What is the hundreds digit of 1055570838?
8
What is the ten millions digit of 29599640?
2
What is the thousands digit of 3313575943?
5
What is the millions digit of 162534226?
2
What is the thousands digit of 469905352?
5
What is the billions digit of 3255072597?
3
What is the thousands digit of 2890199123?
9
What is the millions digit of 5625250?
5
What is the hundred thousands digit of 8920325?
9
What is the thousands digit of 641769058?
9
What is the hundreds digit of 567562272?
2
What is the ten millions digit of 393953997?
9
What is the millions digit of 2550268448?
0
What is the hundred millions digit of 5322684186?
3
What is the units digit of 688757743?
3
What is the ten thousands digit of 764703885?
0
What is the units digit of 2738112?
2
What is the hundred millions digit of 2397972880?
3
What is the hundred thousands digit of 40926398?
9
What is the ten thousands digit of 19912088?
1
What is the ten millions digit of 2463559910?
6
What is the ten millions digit of 76432367?
7
What is the hundred thousands digit of 25476245?
4
What is the ten millions digit of 884472132?
8
What is the tens digit of 1554281937?
3
What is the tens digit of 26087357?
5
What is the thousands digit of 1429567614?
7
What is the ten thousands digit of 47746698?
4
What is the hundreds digit of 146918904?
9
What is the hundred thousands digit of 37549523?
5
What is the ten millions digit of 21978838?
2
What is the ten thousands digit of 27208332?
0
What is the ten thousands digit of 6145442674?
4
What is the ten millions digit of 161973945?
6
What is the ten millions digit of 61235750?
6
What is the ten millions digit of 314440380?
1
What is the millions digit of 1764986758?
4
What is the billions digit of 4375146761?
4
What is the tens digit of 2416501768?
6
What is the ten thousands digit of 159312857?
1
What is the millions digit of 538838607?
8
What is the hundred millions digit of 3777094539?
7
What is the ten thousands digit of 86758639?
5
What is the millions digit of 247504264?
7
What is the ten millions digit of 6385346038?
8
What is the units digit of 1089032797?
7
What is the hundred thousands digit of 1096457321?
4
What is the units digit of 274857812?
2
What is the ten millions digit of 924303517?
2
What is the thousands digit of 5348545364?
5
What is the ten thousands digit of 2236782?
3
What is the hundred millions digit of 456720791?
4
What is the hundred thousands digit of 30884678?
8
What is the units digit of 83197766?
6
What is the tens digit of 26551861?
6
What is the hundreds digit of 832525078?
0
What is the millions digit of 655321415?
5
What is the ten millions digit of 3529732958?
2
What is the hundred thousands digit of 245895676?
8
What is the tens digit of 985720713?
1
What is the hundreds digit of 48005006?
0
What is the thousands digit of 627159014?
9
What is the ten thousands digit of 592207706?
0
What is the hundreds digit of 89157919?
9
What is the hundreds digit of 630900904?
9
What is the hundreds digit of 263891069?
0
What is the hundred millions digit of 319896383?
3
What is the ten thousands digit of 113862179?
6
What is the hundreds digit of 109890784?
7
What is the hundred thousands digit of 132640983?
6
What is the hundreds digit of 732496555?
5
What is the hundred thousands digit of 1384382806?
3
What is the tens digit of 31385977?
7
What is the thousands digit of 166091247?
1
What is the ten millions digit of 2160672996?
6
What is the ten millions digit of 344518042?
4
What is the ten thousands digit of 17190695?
9
What is the hundred thousands digit of 743376822?
3
What is the tens digit of 2236286428?
2
What is the hundreds digit of 190030101?
1
What is the millions digit of 4987648507?
7
What is the tens digit of 211365601?
0
What is the hundreds digit of 86318688?
6
What is the ten thousands digit of 630250313?
5
What is the hundreds digit of 31587613?
6
What is the ten thousands digit of 123373493?
7
What is the hundred thousands digit of 426218542?
2
What is the ten thousands digit of 60940845?
4
What is the tens digit of 310310236?
3
What is the ten thousands digit of 16954969?
5
What is the thousands digit of 2128426396?
6
What is the thousands digit of 1225814876?
4
What is the tens digit of 480993734?
3
What is the hundred thousands digit of 74336241?
3
What is the thousands digit of 10988243?
8
What is the ten millions digit of 2700155937?
0
What is the billions digit of 1235039584?
1
What is the millions digit of 414272736?
4
What is the millions digit of 3157925857?
7
What is the units digit of 19918062?
2
What is the ten thousands digit of 48032829?
3
What is the hundreds digit of 1098149588?
5
What is the thousands digit of 6761704?
1
What is the units digit of 4798468?
8
What is the units digit of 31953944?
4
What is the tens digit of 51066929?
2
What is the ten thousands digit of 460142315?
4
What is the millions digit of 11416082?
1
What is the hundred thousands digit of 570878048?
8
What is the units digit of 30502015?
5
What is the millions digit of 46053395?
6
What is the millions digit of 799406769?
9
What is the ten millions digit of 2493343540?
9
What is the hundreds digit of 6686397?
3
What is the hundred thousands digit of 54167902?
1
What is the thousands digit of 16533515?
3
What is the hundreds digit of 5113280985?
9
What is the tens digit of 49022878?
7
What is the millions digit of 345079793?
5
What is the hundred millions digit of 664507891?
6
What is the hundred thousands digit of 357525824?
5
What is the units digit of 102135287?
7
What is the hundreds digit of 96024251?
2
What is the ten thousands digit of 106430865?
3
What is the millions digit of 3525508460?
5
What is the hundred millions digit of 2541160714?
5
What is the thousands digit of 18179273?
9
What is the ten thousands digit of 529316818?
1
What is the hundreds digit of 111568127?
1
What is the units digit of 76492096?
6
What is the tens digi